0 (base 11) in base 9?
181
Convert 0 (base 3) to base 9.
0
Convert 235 (base 7) to base 3.
11121
-2 (base 13) to base 15
-2
-2 (base 3) to base 14
-2
What is 43 (base 9) in base 4?
213
10 (base 4) to base 5
4
Convert 12112 (base 3) to base 13.
b6
What is 83 (base 16) in base 14?
95
-3 (base 14) to base 10
-3
What is -12 (base 16) in base 2?
-10010
Convert 10001 (base 2) to base 6.
25
Convert 100011 (base 2) to base 14.
27
Convert 10 (base 3) to base 7.
3
What is 162 (base 14) in base 5?
2112
Convert -2 (base 15) to base 5.
-2
What is 2 (base 12) in base 16?
2
What is -a6 (base 13) in base 5?
-1021
Convert -120 (base 3) to base 9.
-16
6 (base 16) to base 11
6
Convert -110 (base 2) to base 4.
-12
-10110010 (base 2) to base 15
-bd
Convert -5 (base 13) to base 9.
-5
Convert 0 (base 10) to base 15.
0
2c (base 13) to base 12
32
Convert -140 (base 5) to base 8.
-55
-25 (base 10) to base 16
-19
210 (base 7) to base 8
151
-7 (base 14) to base 16
-7
What is -29 (base 10) in base 7?
-41
-10010 (base 2) to base 10
-18
Convert 5 (base 8) to base 2.
101
Convert -1102 (base 3) to base 8.
-46
Convert -216 (base 10) to base 3.
-22000
Convert -110 (base 2) to base 13.
-6
-b (base 13) to base 6
-15
What is 1101 (base 3) in base 8?
45
What is -66 (base 16) in base 5?
-402
-14 (base 5) to base 13
-9
What is -104 (base 5) in base 4?
-131
Convert 2 (base 12) to base 8.
2
Convert -20 (base 5) to base 10.
-10
-12 (base 12) to base 3
-112
Convert 3 (base 8) to base 16.
3
What is 1202 (base 3) in base 6?
115
30 (base 5) to base 3
120
What is 41 (base 9) in base 8?
45
Convert -241 (base 6) to base 4.
-1201
25 (base 10) to base 11
23
What is -7 (base 15) in base 16?
-7
Convert -4 (base 9) to base 15.
-4
2 (base 5) to base 11
2
What is -43 (base 5) in base 4?
-113
213 (base 5) to base 13
46
What is 111000 (base 2) in base 14?
40
-10 (base 5) to base 14
-5
What is 2 (base 16) in base 15?
2
Convert 3 (base 6) to base 8.
3
Convert -1 (base 7) to base 4.
-1
Convert 513 (base 6) to base 10.
189
What is 3 (base 8) in base 2?
11
What is 11 (base 7) in base 8?
10
-53 (base 9) to base 12
-40
Convert -6 (base 16) to base 4.
-12
What is -3 (base 7) in base 3?
-10
Convert 12 (base 11) to base 5.
23
What is 11 (base 7) in base 2?
1000
What is -10 (base 15) in base 14?
-11
What is -3 (base 11) in base 4?
-3
What is -11 (base 3) in base 2?
-100
What is -100201 (base 3) in base 9?
-321
Convert 2201 (base 3) to base 11.
67
What is 16 (base 7) in base 6?
21
What is -51 (base 6) in base 7?
-43
What is 52 (base 14) in base 6?
200
What is 48 (base 16) in base 8?
110
What is 0 (base 11) in base 6?
0
What is 51 (base 11) in base 15?
3b
Convert 2 (base 12) to base 6.
2
Convert -340 (base 5) to base 2.
-1011111
What is 121 (base 4) in base 10?
25
-6 (base 16) to base 11
-6
21 (base 16) to base 11
30
Convert 183 (base 10) to base 8.
267
What is -2 (base 4) in base 8?
-2
What is -51 (base 6) in base 7?
-43
What is -6 (base 9) in base 14?
-6
Convert -110 (base 2) to base 6.
-10
-50 (base 10) to base 5
-200
Convert -16 (base 8) to base 13.
-11
101 (base 2) to base 8
5
18 (base 15) to base 8
27
-323 (base 9) to base 5
-2024
Convert 12 (base 13) to base 11.
14
What is 20 (base 14) in base 12?
24
-7b (base 15) to base 7
-224
3 (base 4) to base 6
3
50 (base 14) to base 9
77
Convert -123 (base 8) to base 15.
-58
What is -19 (base 11) in base 10?
-20
What is -345 (base 6) in base 16?
-89
What is c9 (base 16) in base 15?
d6
-100 (base 3) to base 11
-9
Convert -133 (base 4) to base 15.
-21
What is 34 (base 11) in base 14?
29
What is -110 (base 4) in base 8?
-24
-3 (base 5) to base 13
-3
What is 0 (base 8) in base 4?
0
Convert 0 (base 10) to base 3.
0
What is -2 (base 11) in base 16?
-2
What is -40 (base 14) in base 10?
-56
What is 0 (base 8) in base 14?
0
What is -89 (base 10) in base 5?
-324
What is -13 (base 11) in base 9?
-15
What is 120 (base 5) in base 16?
23
1b (base 15) to base 7
35
What is 101010 (base 2) in base 5?
132
110 (base 5) to base 10
30
What is 3 (base 16) in base 13?
3
Convert 0 (base 6) to base 15.
0
142 (base 7) to base 15
54
-11 (base 5) to base 10
-6
Convert 7 (base 10) to base 16.
7
What is -1 (base 11) in base 4?
-1
Convert -2342 (base 5) to base 16.
-15b
Convert 1 (base 13) to base 9.
1
21 (base 4) to base 13
9
Convert 28 (base 15) to base 14.
2a
What is 40 (base 5) in base 7?
26
What is -38 (base 11) in base 13?
-32
Convert -e (base 15) to base 4.
-32
Convert -202 (base 6) to base 10.
-74
Convert -11 (base 2) to base 6.
-3
Convert 3a (base 11) to base 9.
47
a (base 11) to base 2
1010
Convert -3 (base 7) to base 9.
-3
Convert -b (base 16) to base 2.
-1011
-515 (base 6) to base 5
-1231
-112 (base 9) to base 8
-134
Convert 7 (base 15) to base 6.
11
What is 163 (base 8) in base 4?
1303
What is -68 (base 14) in base 15?
-62
Convert 23 (base 5) to base 11.
12
Convert -2 (base 12) to base 11.
-2
Convert -6 (base 9) to base 16.
-6
1052 (base 7) to base 6
1432
What is -3 (base 16) in base 3?
-10
Convert 0 (base 7) to base 11.
0
What is -10011 (base 2) in base 6?
-31
What is 1101101 (base 2) in base 15?
74
0 (base 5) to base 2
0
What is -1 (base 3) in base 5?
-1
Convert 62 (base 12) to base 15.
4e
-43 (base 7) to base 15
-21
-37 (base 8) to base 7
-43
What is 6 (base 12) in base 16?
6
-2 (base 15) to base 4
-2
What is 11 (base 2) in base 16?
3
What is 12 (base 12) in base 2?
1110
7 (base 13) to base 15
7
Convert -13 (base 12) to base 3.
-120
Convert -41 (base 9) to base 7.
-52
244 (base 6) to base 4
1210
What is -1341 (base 5) in base 12?
-165
Convert -10 (base 3) to base 2.
-11
What is 4 (base 8) in base 3?
11
-3 (base 16) to base 3
-10
Convert 22 (base 3) to base 4.
20
What is -423 (base 5) in base 10?
-113
-221 (base 4) to base 3
-1112
What is -101 (base 8) in base 14?
-49
Convert 82 (base 13) to base 7.
211
Convert -2 (base 12) to base 5.
-2
5 (base 10) to base 8
5
-4 (base 10) to base 6
-4
Convert 0 (base 13) to base 11.
0
What is -5 (base 16) in base 9?
-5
-2 (base 7) to base 11
-2
Convert 35 (base 7) to base 16.
1a
What is -106 (base 12) in base 7?
-303
Convert 185 (base 10) to base 2.
10111001
118 (base 9) to base 14
70
What is -6a (base 11) in base 14?
-56
-6 (base 12) to base 5
-11
-6 (base 16) to base 6
-10
7 (base 14) to base 15
7
What is 444 (base 7) in base 4?
3210
What is 1023 (base 5) in base 9?
163
-9 (base 13) to base 11
-9
Convert 3 (base 9) to base 2.
11
441 (base 7) to base 10
225
3011 (base 4) to base 15
d2
What is -11 (base 15) in base 3?
-121
What is 220 (base 12) in base 11?
264
Convert -24 (base 5) to base 15.
-e
What is -8 (base 16) in base 3?
-22
-10 (base 2) to base 13
-2
What is -7a (base 12) in base 14?
-6a
-3 (base 15) to base 13
-3
Convert -3 (base 6) to base 12.
-3
What is -6 (base 7) in base 16?
-6
Convert -9 (base 16) to base 9.
-10
What is 100 (base 3) in base 8?
11
What is -152 (base 14) in base 8?
-414
Convert 56 (base 8) to base 16.
2e
Convert 113 (base 4) to base 7.
32
-3 (base 10) to base 13
-3
-21 (base 5) to base 6
-15
Convert 46 (base 13) to base 9.
64
-1431 (base 6) to base 11
-315
-3 (base 6) to base 5
-3
-302 (base 4) to base 3
-1212
-1010 (base 2) to base 5
-20
Convert 232 (base 6) to base 7.
161
-20 (base 9) to base 10
-18
What is 135 (base 11) in base 3?
12220
Convert 29 (base 16) to base 15.
2b
-3 (base 5) to base 3
-10
Convert 30 (base 15) to base 5.
140
What is -72 (base 13) in base 3?
-10110
What is -34 (base 5) in base 16?
-13
What is 26 (base 15) in base 8?
44
What is 1 (base 13) in base 15?
1
-5 (base 14) to base 7
-5
What is a (base 12) in base 9?
11
What is -36 (base 8) in base 16?
-1e
18 (base 13) to base 5
41
Convert a (base 16) to base 6.
14
Convert -9 (base 13) to base 16.
-9
What is -406 (base 7) in base 14?
-106
What is -14 (base 16) in base 11?
-19
What is -1111 (base 2) in base 11?
-14
What is -3 (base 9) in base 8?
-3
What is 122 (base 15) in base 8?
401
Convert -10001 (base 2) to base 11.
-16
7 (base 14) to base 4
13
Convert -221 (base 6) to base 15.
-5a
Convert -100 (base 2) to base 16.
-4
What is -3 (base 8) in base 10?
-3
What is -1 (base 9) in base 5?
-1
What is -145 (base 9) in base 14?
-8a
1 (base 7) to base 13
1
-25 (base 10) to base 4
-121
What is 8 (base 15) in base 4?
20
-e7 (base 15) to base 3
-22001
What is